{"id":90,"date":"2022-01-12T12:03:46","date_gmt":"2022-01-12T12:03:46","guid":{"rendered":"https:\/\/www.sadikefirbas.si\/?post_type=product&#038;p=90"},"modified":"2022-03-06T18:55:40","modified_gmt":"2022-03-06T18:55:40","slug":"cili-habanero","status":"publish","type":"product","link":"https:\/\/www.sadikefirbas.si\/?product=cili-habanero","title":{"rendered":"\u010cILI HABANERO"},"content":{"rendered":"<p>\u010cili Habanero potrebuje veliko toplote in vlage ter dobro gnojeno in odcedno zemlji\u0161\u010de. Zeleni plodovi se ob zorenju obarvajo svetle\u010de rde\u010de ali rumeno.<\/p>\n","protected":false},"excerpt":{"rendered":"<p>\u010cili Habanero potrebuje veliko toplote in vlage ter dobro gnojeno in odcedno zemlji\u0161\u010de. Zeleni plodovi se ob zorenju obarvajo svetle\u010de rde\u010de ali rumeno.<\/p>\n","protected":false},"featured_media":228,"template":"","meta":{"spay_email":""},"product_cat":[29],"product_tag":[],"_links":{"self":[{"href":"https:\/\/www.sadikefirbas.si\/index.php?rest_route=\/wp\/v2\/product\/90"}],"collection":[{"href":"https:\/\/www.sadikefirbas.si\/index.php?rest_route=\/wp\/v2\/product"}],"about":[{"href":"https:\/\/www.sadikefirbas.si\/index.php?rest_route=\/wp\/v2\/types\/product"}],"wp:featuredmedia":[{"embeddable":true,"href":"https:\/\/www.sadikefirbas.si\/index.php?rest_route=\/wp\/v2\/media\/228"}],"wp:attachment":[{"href":"https:\/\/www.sadikefirbas.si\/index.php?rest_route=%2Fwp%2Fv2%2Fmedia&parent=90"}],"wp:term":[{"taxonomy":"product_cat","embeddable":true,"href":"https:\/\/www.sadikefirbas.si\/index.php?rest_route=%2Fwp%2Fv2%2Fproduct_cat&post=90"},{"taxonomy":"product_tag","embeddable":true,"href":"https:\/\/www.sadikefirbas.si\/index.php?rest_route=%2Fwp%2Fv2%2Fproduct_tag&post=90"}],"curies":[{"name":"wp","href":"https:\/\/api.w.org\/{rel}","templated":true}]}}