{"id":215,"date":"2022-03-06T06:29:00","date_gmt":"2022-03-06T06:29:00","guid":{"rendered":"https:\/\/www.sadikefirbas.si\/?post_type=product&#038;p=215"},"modified":"2022-03-07T05:00:55","modified_gmt":"2022-03-07T05:00:55","slug":"feferoni-pekoci","status":"publish","type":"product","link":"https:\/\/www.sadikefirbas.si\/?product=feferoni-pekoci","title":{"rendered":"FEFERONI PEKO\u010cI"},"content":{"rendered":"<p>Plod je zelo \u010dvrst s srednje debelo lupino podolgovate oblike. Barva plodu je na za\u010detku temno zelena, ko dozori se obarva rde\u010de.<\/p>\n","protected":false},"excerpt":{"rendered":"<p>Plod je zelo \u010dvrst s srednje debelo lupino podolgovate oblike. Barva plodu je na za\u010detku temno zelena, ko dozori se obarva rde\u010de.<\/p>\n","protected":false},"featured_media":230,"template":"","meta":{"spay_email":""},"product_cat":[57],"product_tag":[],"_links":{"self":[{"href":"https:\/\/www.sadikefirbas.si\/index.php?rest_route=\/wp\/v2\/product\/215"}],"collection":[{"href":"https:\/\/www.sadikefirbas.si\/index.php?rest_route=\/wp\/v2\/product"}],"about":[{"href":"https:\/\/www.sadikefirbas.si\/index.php?rest_route=\/wp\/v2\/types\/product"}],"wp:featuredmedia":[{"embeddable":true,"href":"https:\/\/www.sadikefirbas.si\/index.php?rest_route=\/wp\/v2\/media\/230"}],"wp:attachment":[{"href":"https:\/\/www.sadikefirbas.si\/index.php?rest_route=%2Fwp%2Fv2%2Fmedia&parent=215"}],"wp:term":[{"taxonomy":"product_cat","embeddable":true,"href":"https:\/\/www.sadikefirbas.si\/index.php?rest_route=%2Fwp%2Fv2%2Fproduct_cat&post=215"},{"taxonomy":"product_tag","embeddable":true,"href":"https:\/\/www.sadikefirbas.si\/index.php?rest_route=%2Fwp%2Fv2%2Fproduct_tag&post=215"}],"curies":[{"name":"wp","href":"https:\/\/api.w.org\/{rel}","templated":true}]}}