{"id":192,"date":"2022-03-06T05:33:34","date_gmt":"2022-03-06T05:33:34","guid":{"rendered":"https:\/\/www.sadikefirbas.si\/?post_type=product&#038;p=192"},"modified":"2022-03-06T05:33:34","modified_gmt":"2022-03-06T05:33:34","slug":"por-dolgi","status":"publish","type":"product","link":"https:\/\/www.sadikefirbas.si\/?product=por-dolgi","title":{"rendered":"POR DOLGI"},"content":{"rendered":"<p>Je belo &#8211; zelene barve za pozno letno &#8211; jesensko pridelavo. Oblikuje zelo dolga, bela, \u010dvrsta podolgovata stebla, brez okrogle odebelitve. Je hitrorasto\u010da sorta, z mo\u010dnim navpi\u010dnim listjem.<\/p>\n","protected":false},"excerpt":{"rendered":"<p>Je belo &#8211; zelene barve za pozno letno &#8211; jesensko pridelavo. Oblikuje zelo dolga, bela, \u010dvrsta podolgovata stebla, brez okrogle odebelitve. Je hitrorasto\u010da sorta, z mo\u010dnim navpi\u010dnim listjem.<\/p>\n","protected":false},"featured_media":193,"template":"","meta":{"spay_email":""},"product_cat":[44],"product_tag":[],"_links":{"self":[{"href":"https:\/\/www.sadikefirbas.si\/index.php?rest_route=\/wp\/v2\/product\/192"}],"collection":[{"href":"https:\/\/www.sadikefirbas.si\/index.php?rest_route=\/wp\/v2\/product"}],"about":[{"href":"https:\/\/www.sadikefirbas.si\/index.php?rest_route=\/wp\/v2\/types\/product"}],"wp:featuredmedia":[{"embeddable":true,"href":"https:\/\/www.sadikefirbas.si\/index.php?rest_route=\/wp\/v2\/media\/193"}],"wp:attachment":[{"href":"https:\/\/www.sadikefirbas.si\/index.php?rest_route=%2Fwp%2Fv2%2Fmedia&parent=192"}],"wp:term":[{"taxonomy":"product_cat","embeddable":true,"href":"https:\/\/www.sadikefirbas.si\/index.php?rest_route=%2Fwp%2Fv2%2Fproduct_cat&post=192"},{"taxonomy":"product_tag","embeddable":true,"href":"https:\/\/www.sadikefirbas.si\/index.php?rest_route=%2Fwp%2Fv2%2Fproduct_tag&post=192"}],"curies":[{"name":"wp","href":"https:\/\/api.w.org\/{rel}","templated":true}]}}