{"id":153,"date":"2022-02-25T13:26:54","date_gmt":"2022-02-25T13:26:54","guid":{"rendered":"https:\/\/www.sadikefirbas.si\/?post_type=product&#038;p=153"},"modified":"2022-02-25T13:26:54","modified_gmt":"2022-02-25T13:26:54","slug":"radic-verona","status":"publish","type":"product","link":"https:\/\/www.sadikefirbas.si\/?product=radic-verona","title":{"rendered":"RADI\u010c VERONA"},"content":{"rendered":"<p>Radi\u010d Verona je sorta radi\u010da pri katerem imamo celo poletje na voljo sve\u017ee liste. Jeseni listi porde\u010dijo in oblikujejo koni\u010daste, rde\u010de glavice, ki prezimjo. Je odli\u010dnega, rahlo grenkega okusa.<\/p>\n","protected":false},"excerpt":{"rendered":"<p>Radi\u010d Verona je sorta radi\u010da pri katerem imamo celo poletje na voljo sve\u017ee liste. Jeseni listi porde\u010dijo in oblikujejo koni\u010daste, rde\u010de glavice, ki prezimjo. Je odli\u010dnega, rahlo grenkega okusa.<\/p>\n","protected":false},"featured_media":154,"template":"","meta":{"spay_email":""},"product_cat":[18],"product_tag":[],"_links":{"self":[{"href":"https:\/\/www.sadikefirbas.si\/index.php?rest_route=\/wp\/v2\/product\/153"}],"collection":[{"href":"https:\/\/www.sadikefirbas.si\/index.php?rest_route=\/wp\/v2\/product"}],"about":[{"href":"https:\/\/www.sadikefirbas.si\/index.php?rest_route=\/wp\/v2\/types\/product"}],"wp:featuredmedia":[{"embeddable":true,"href":"https:\/\/www.sadikefirbas.si\/index.php?rest_route=\/wp\/v2\/media\/154"}],"wp:attachment":[{"href":"https:\/\/www.sadikefirbas.si\/index.php?rest_route=%2Fwp%2Fv2%2Fmedia&parent=153"}],"wp:term":[{"taxonomy":"product_cat","embeddable":true,"href":"https:\/\/www.sadikefirbas.si\/index.php?rest_route=%2Fwp%2Fv2%2Fproduct_cat&post=153"},{"taxonomy":"product_tag","embeddable":true,"href":"https:\/\/www.sadikefirbas.si\/index.php?rest_route=%2Fwp%2Fv2%2Fproduct_tag&post=153"}],"curies":[{"name":"wp","href":"https:\/\/api.w.org\/{rel}","templated":true}]}}