{"id":106,"date":"2022-01-19T08:34:28","date_gmt":"2022-01-19T08:34:28","guid":{"rendered":"https:\/\/www.sadikefirbas.si\/?post_type=product&#038;p=106"},"modified":"2022-05-23T07:22:49","modified_gmt":"2022-05-23T07:22:49","slug":"cvetaca-bela-okrogla","status":"publish","type":"product","link":"https:\/\/www.sadikefirbas.si\/?product=cvetaca-bela-okrogla","title":{"rendered":"CVETA\u010cA BELA OKROGLA"},"content":{"rendered":"<p>Cveta\u010da je srednje zgodnja sorta cveta\u010de, ki je primerna za spomladansko in jesensko pridelavo. Ro\u017ea cveta\u010de je \u010dvrsta, bele barve.<\/p>\n","protected":false},"excerpt":{"rendered":"<p>Cveta\u010da je srednje zgodnja sorta cveta\u010de, ki je primerna za spomladansko in jesensko pridelavo. Ro\u017ea cveta\u010de je \u010dvrsta, bele barve.<\/p>\n","protected":false},"featured_media":107,"template":"","meta":{"spay_email":""},"product_cat":[32],"product_tag":[],"_links":{"self":[{"href":"https:\/\/www.sadikefirbas.si\/index.php?rest_route=\/wp\/v2\/product\/106"}],"collection":[{"href":"https:\/\/www.sadikefirbas.si\/index.php?rest_route=\/wp\/v2\/product"}],"about":[{"href":"https:\/\/www.sadikefirbas.si\/index.php?rest_route=\/wp\/v2\/types\/product"}],"wp:featuredmedia":[{"embeddable":true,"href":"https:\/\/www.sadikefirbas.si\/index.php?rest_route=\/wp\/v2\/media\/107"}],"wp:attachment":[{"href":"https:\/\/www.sadikefirbas.si\/index.php?rest_route=%2Fwp%2Fv2%2Fmedia&parent=106"}],"wp:term":[{"taxonomy":"product_cat","embeddable":true,"href":"https:\/\/www.sadikefirbas.si\/index.php?rest_route=%2Fwp%2Fv2%2Fproduct_cat&post=106"},{"taxonomy":"product_tag","embeddable":true,"href":"https:\/\/www.sadikefirbas.si\/index.php?rest_route=%2Fwp%2Fv2%2Fproduct_tag&post=106"}],"curies":[{"name":"wp","href":"https:\/\/api.w.org\/{rel}","templated":true}]}}